{"id":268,"date":"2026-01-03T15:42:08","date_gmt":"2026-01-03T14:42:08","guid":{"rendered":"https:\/\/monserveur.sytes.net\/jeudi\/?page_id=268"},"modified":"2026-01-14T14:25:05","modified_gmt":"2026-01-14T13:25:05","slug":"08-01-2026","status":"publish","type":"page","link":"https:\/\/monserveur.sytes.net\/jeudi\/index.php\/08-01-2026\/","title":{"rendered":"15-01-2026"},"content":{"rendered":"\n<p data-aos-anchor-placement=\"top-bottom\" data-aos-delay=\"500\" data-aos-duration=\"1500\" data-aos-easing=\"ease\" data-aos-offset=\"120\" data-aos=\"roll-in\" class=\"is-style-eccp-notice-info\">15 janvier 1200 : Fondation de l&rsquo;Universit\u00e9 de Paris<br>15 janvier 1759 : Ouverture du <em>British Museum<\/em><br>15 janvier 1790 : La France est divis\u00e9e en 83 d\u00e9partements<br>15 janvier 2001 : cr\u00e9ation de <em>Wikipedia<\/em><\/p>\n\n\n\n<p><a href=\"https:\/\/monserveur.sytes.net\/jeudi\/index.php\/2026\/01\/05\/ia-idees-de-cadeau\/\" data-type=\"post\" data-id=\"274\"><strong>IA id\u00e9es de cadeau<\/strong><\/a><br><a href=\"https:\/\/monserveur.sytes.net\/jeudi\/index.php\/2026\/01\/03\/windows-10-apres-2025\/\" data-type=\"post\" data-id=\"266\"><strong>Windows 10 apr\u00e8s 2025<\/strong><\/a><\/p>\n\n\n\n<p><\/p>\n","protected":false},"excerpt":{"rendered":"<p>15 janvier 1200 : Fondation de l&rsquo;Universit\u00e9 de Paris15 janvier 1759 : Ouverture du British Museum15 janvier 1790 : La France est divis\u00e9e en 83 d\u00e9partements15 janvier 2001 : cr\u00e9ation de Wikipedia IA id\u00e9es de cadeauWindows 10 apr\u00e8s 2025<\/p>\n","protected":false},"author":1,"featured_media":0,"parent":0,"menu_order":0,"comment_status":"closed","ping_status":"closed","template":"","meta":{"remove_blocks_before_content":false,"remove_blocks_after_content":false,"disable_reading_progress_bar":false,"_eb_attr":"","footnotes":""},"class_list":["post-268","page","type-page","status-publish","hentry"],"_links":{"self":[{"href":"https:\/\/monserveur.sytes.net\/jeudi\/index.php\/wp-json\/wp\/v2\/pages\/268","targetHints":{"allow":["GET"]}}],"collection":[{"href":"https:\/\/monserveur.sytes.net\/jeudi\/index.php\/wp-json\/wp\/v2\/pages"}],"about":[{"href":"https:\/\/monserveur.sytes.net\/jeudi\/index.php\/wp-json\/wp\/v2\/types\/page"}],"author":[{"embeddable":true,"href":"https:\/\/monserveur.sytes.net\/jeudi\/index.php\/wp-json\/wp\/v2\/users\/1"}],"replies":[{"embeddable":true,"href":"https:\/\/monserveur.sytes.net\/jeudi\/index.php\/wp-json\/wp\/v2\/comments?post=268"}],"version-history":[{"count":5,"href":"https:\/\/monserveur.sytes.net\/jeudi\/index.php\/wp-json\/wp\/v2\/pages\/268\/revisions"}],"predecessor-version":[{"id":283,"href":"https:\/\/monserveur.sytes.net\/jeudi\/index.php\/wp-json\/wp\/v2\/pages\/268\/revisions\/283"}],"wp:attachment":[{"href":"https:\/\/monserveur.sytes.net\/jeudi\/index.php\/wp-json\/wp\/v2\/media?parent=268"}],"curies":[{"name":"wp","href":"https:\/\/api.w.org\/{rel}","templated":true}]}}