{"id":289,"date":"2026-01-26T18:56:29","date_gmt":"2026-01-26T17:56:29","guid":{"rendered":"https:\/\/monserveur.sytes.net\/jeudi\/?page_id=289"},"modified":"2026-01-27T14:50:23","modified_gmt":"2026-01-27T13:50:23","slug":"29-01-2026","status":"publish","type":"page","link":"https:\/\/monserveur.sytes.net\/jeudi\/index.php\/29-01-2026\/","title":{"rendered":"29-01-2026"},"content":{"rendered":"\n<p data-aos-anchor-placement=\"top-bottom\" data-aos-delay=\"500\" data-aos-duration=\"1500\" data-aos-easing=\"ease\" data-aos-offset=\"120\" data-aos=\"roll-in\" class=\"is-style-eccp-notice-info\">29 janvier 1635 : Fondation de l&rsquo;Acad\u00e9mie fran\u00e7aise<br>29 janvier 1814 : Bataille de Brienne-le-ch\u00e2teau<br>29 janvier 1917 : Charles 1er \u00e9choue \u00e0 faire la paix<\/p>\n\n\n\n<p><a href=\"https:\/\/monserveur.sytes.net\/jeudi\/index.php\/2026\/01\/27\/donnees-personnelles\/\" data-type=\"post\" data-id=\"299\"><strong>Donn\u00e9es personnelles<\/strong><\/a><br><a href=\"https:\/\/monserveur.sytes.net\/jeudi\/index.php\/2026\/01\/26\/pas-besoin-de-scanner\/\" data-type=\"post\" data-id=\"291\"><strong>Pas besoin de scanner<\/strong><\/a><\/p>\n\n\n\n<p>d\u00e9but du Param\u00e9trage de Windows 11<\/p>\n","protected":false},"excerpt":{"rendered":"<p>29 janvier 1635 : Fondation de l&rsquo;Acad\u00e9mie fran\u00e7aise29 janvier 1814 : Bataille de Brienne-le-ch\u00e2teau29 janvier 1917 : Charles 1er \u00e9choue \u00e0 faire la paix Donn\u00e9es personnellesPas besoin de scanner d\u00e9but du Param\u00e9trage de Windows 11<\/p>\n","protected":false},"author":1,"featured_media":0,"parent":0,"menu_order":0,"comment_status":"closed","ping_status":"closed","template":"","meta":{"remove_blocks_before_content":false,"remove_blocks_after_content":false,"disable_reading_progress_bar":false,"_eb_attr":"","footnotes":""},"class_list":["post-289","page","type-page","status-publish","hentry"],"_links":{"self":[{"href":"https:\/\/monserveur.sytes.net\/jeudi\/index.php\/wp-json\/wp\/v2\/pages\/289","targetHints":{"allow":["GET"]}}],"collection":[{"href":"https:\/\/monserveur.sytes.net\/jeudi\/index.php\/wp-json\/wp\/v2\/pages"}],"about":[{"href":"https:\/\/monserveur.sytes.net\/jeudi\/index.php\/wp-json\/wp\/v2\/types\/page"}],"author":[{"embeddable":true,"href":"https:\/\/monserveur.sytes.net\/jeudi\/index.php\/wp-json\/wp\/v2\/users\/1"}],"replies":[{"embeddable":true,"href":"https:\/\/monserveur.sytes.net\/jeudi\/index.php\/wp-json\/wp\/v2\/comments?post=289"}],"version-history":[{"count":3,"href":"https:\/\/monserveur.sytes.net\/jeudi\/index.php\/wp-json\/wp\/v2\/pages\/289\/revisions"}],"predecessor-version":[{"id":301,"href":"https:\/\/monserveur.sytes.net\/jeudi\/index.php\/wp-json\/wp\/v2\/pages\/289\/revisions\/301"}],"wp:attachment":[{"href":"https:\/\/monserveur.sytes.net\/jeudi\/index.php\/wp-json\/wp\/v2\/media?parent=289"}],"curies":[{"name":"wp","href":"https:\/\/api.w.org\/{rel}","templated":true}]}}