{"id":234,"date":"2025-11-12T21:40:57","date_gmt":"2025-11-12T20:40:57","guid":{"rendered":"https:\/\/monserveur.sytes.net\/mardi\/?page_id=234"},"modified":"2025-11-19T17:39:14","modified_gmt":"2025-11-19T16:39:14","slug":"18_11_2025","status":"publish","type":"page","link":"https:\/\/monserveur.sytes.net\/mardi\/index.php\/18_11_2025\/","title":{"rendered":"18-11-2025"},"content":{"rendered":"\n<p data-aos-anchor-placement=\"top-bottom\" data-aos-delay=\"1000\" data-aos-duration=\"2000\" data-aos-easing=\"ease\" data-aos-offset=\"120\" data-aos=\"roll-in\" class=\"is-style-eccp-notice-info\">18 novembre 1307 : Guillaume Tell \u00e0 l&rsquo;\u00e9preuve<br>18 novembre 1626 : Cons\u00e9cration de Saint-Pierre de Rome<br>18 novembre 1793 : Ouverture du mus\u00e9e du Louvre<br>18 novembre 1803 : Ha\u00efti chasse les Fran\u00e7ais<br>18 novembre 1928 : Naissance de <em>Mickey<\/em><br><\/p>\n\n\n\n<p><a href=\"https:\/\/monserveur.sytes.net\/mardi\/index.php\/2025\/11\/16\/microsoft-resout-le-bug-dinscription-au-programme-esu\/\" data-type=\"post\" data-id=\"238\"><strong>Microsoft r\u00e9sout le bug d\u2019inscription au programme ESU<\/strong><\/a><br><a href=\"https:\/\/monserveur.sytes.net\/mardi\/index.php\/2025\/09\/21\/comment-exporter-vos-fichiers-google-drive\/\" data-type=\"post\" data-id=\"156\"><strong>Comment exporter vos fichiers Google Drive<\/strong><\/a><br><a href=\"https:\/\/monserveur.sytes.net\/mardi\/index.php\/2025\/11\/03\/nouvelle-fonction-de-facebook-ia\/\" data-type=\"post\" data-id=\"212\"><strong>Nouvelle fonction de Facebook IA<\/strong><\/a><\/p>\n\n\n\n<p><\/p>\n","protected":false},"excerpt":{"rendered":"<p>18 novembre 1307 : Guillaume Tell \u00e0 l&rsquo;\u00e9preuve18 novembre 1626 : Cons\u00e9cration de Saint-Pierre de Rome18 novembre 1793 : Ouverture du mus\u00e9e du Louvre18 novembre 1803 : Ha\u00efti chasse les Fran\u00e7ais18 novembre 1928 : Naissance de Mickey Microsoft r\u00e9sout le bug d\u2019inscription au programme ESUComment exporter vos fichiers Google DriveNouvelle fonction de Facebook IA<\/p>\n","protected":false},"author":1,"featured_media":0,"parent":0,"menu_order":0,"comment_status":"closed","ping_status":"closed","template":"","meta":{"remove_blocks_before_content":false,"remove_blocks_after_content":false,"disable_reading_progress_bar":false,"_eb_attr":"","footnotes":""},"class_list":["post-234","page","type-page","status-publish","hentry"],"_links":{"self":[{"href":"https:\/\/monserveur.sytes.net\/mardi\/index.php\/wp-json\/wp\/v2\/pages\/234","targetHints":{"allow":["GET"]}}],"collection":[{"href":"https:\/\/monserveur.sytes.net\/mardi\/index.php\/wp-json\/wp\/v2\/pages"}],"about":[{"href":"https:\/\/monserveur.sytes.net\/mardi\/index.php\/wp-json\/wp\/v2\/types\/page"}],"author":[{"embeddable":true,"href":"https:\/\/monserveur.sytes.net\/mardi\/index.php\/wp-json\/wp\/v2\/users\/1"}],"replies":[{"embeddable":true,"href":"https:\/\/monserveur.sytes.net\/mardi\/index.php\/wp-json\/wp\/v2\/comments?post=234"}],"version-history":[{"count":4,"href":"https:\/\/monserveur.sytes.net\/mardi\/index.php\/wp-json\/wp\/v2\/pages\/234\/revisions"}],"predecessor-version":[{"id":260,"href":"https:\/\/monserveur.sytes.net\/mardi\/index.php\/wp-json\/wp\/v2\/pages\/234\/revisions\/260"}],"wp:attachment":[{"href":"https:\/\/monserveur.sytes.net\/mardi\/index.php\/wp-json\/wp\/v2\/media?parent=234"}],"curies":[{"name":"wp","href":"https:\/\/api.w.org\/{rel}","templated":true}]}}