{"id":316,"date":"2025-12-15T16:51:40","date_gmt":"2025-12-15T15:51:40","guid":{"rendered":"https:\/\/monserveur.sytes.net\/mardi\/?page_id=316"},"modified":"2025-12-15T17:28:48","modified_gmt":"2025-12-15T16:28:48","slug":"16-12-2025","status":"publish","type":"page","link":"https:\/\/monserveur.sytes.net\/mardi\/index.php\/16-12-2025\/","title":{"rendered":"16-12-2025"},"content":{"rendered":"\n<p data-aos-anchor-placement=\"top-bottom\" data-aos-delay=\"400\" data-aos-duration=\"1500\" data-aos-easing=\"ease\" data-aos-offset=\"120\" data-aos=\"roll-in\" class=\"is-style-eccp-notice-info\">16 d\u00e9cembre 714 : Charles Martel se pose en h\u00e9ritier de P\u00e9pin<br>16 d\u00e9cembre 1600 : Henri IV \u00e9pouse Marie de M\u00e9dicis<br>16 d\u00e9cembre 1653 : Cromwell devient <em>\u00ab&nbsp;lord-protecteur&nbsp;\u00bb<\/em><br><\/p>\n\n\n\n<p><a href=\"https:\/\/monserveur.sytes.net\/mardi\/index.php\/2025\/12\/15\/bonne-ou-mauvaise-nouvelle\/\" data-type=\"post\" data-id=\"313\"><strong>Bonne ou mauvaise nouvelle<\/strong><\/a><br><a href=\"https:\/\/monserveur.sytes.net\/mardi\/index.php\/2025\/12\/15\/une-mysterieuse-application\/\" data-type=\"post\" data-id=\"322\"><strong>Une myst\u00e9rieuse application<\/strong><\/a><\/p>\n\n\n\n<p><\/p>\n","protected":false},"excerpt":{"rendered":"<p>16 d\u00e9cembre 714 : Charles Martel se pose en h\u00e9ritier de P\u00e9pin16 d\u00e9cembre 1600 : Henri IV \u00e9pouse Marie de M\u00e9dicis16 d\u00e9cembre 1653 : Cromwell devient \u00ab&nbsp;lord-protecteur&nbsp;\u00bb Bonne ou mauvaise nouvelleUne myst\u00e9rieuse application<\/p>\n","protected":false},"author":1,"featured_media":0,"parent":0,"menu_order":0,"comment_status":"closed","ping_status":"closed","template":"","meta":{"remove_blocks_before_content":false,"remove_blocks_after_content":false,"disable_reading_progress_bar":false,"_eb_attr":"","footnotes":""},"class_list":["post-316","page","type-page","status-publish","hentry"],"_links":{"self":[{"href":"https:\/\/monserveur.sytes.net\/mardi\/index.php\/wp-json\/wp\/v2\/pages\/316","targetHints":{"allow":["GET"]}}],"collection":[{"href":"https:\/\/monserveur.sytes.net\/mardi\/index.php\/wp-json\/wp\/v2\/pages"}],"about":[{"href":"https:\/\/monserveur.sytes.net\/mardi\/index.php\/wp-json\/wp\/v2\/types\/page"}],"author":[{"embeddable":true,"href":"https:\/\/monserveur.sytes.net\/mardi\/index.php\/wp-json\/wp\/v2\/users\/1"}],"replies":[{"embeddable":true,"href":"https:\/\/monserveur.sytes.net\/mardi\/index.php\/wp-json\/wp\/v2\/comments?post=316"}],"version-history":[{"count":2,"href":"https:\/\/monserveur.sytes.net\/mardi\/index.php\/wp-json\/wp\/v2\/pages\/316\/revisions"}],"predecessor-version":[{"id":325,"href":"https:\/\/monserveur.sytes.net\/mardi\/index.php\/wp-json\/wp\/v2\/pages\/316\/revisions\/325"}],"wp:attachment":[{"href":"https:\/\/monserveur.sytes.net\/mardi\/index.php\/wp-json\/wp\/v2\/media?parent=316"}],"curies":[{"name":"wp","href":"https:\/\/api.w.org\/{rel}","templated":true}]}}