{"id":333,"date":"2026-01-02T18:25:29","date_gmt":"2026-01-02T17:25:29","guid":{"rendered":"https:\/\/monserveur.sytes.net\/mardi\/?page_id=333"},"modified":"2026-01-05T18:16:56","modified_gmt":"2026-01-05T17:16:56","slug":"06-01-2026","status":"publish","type":"page","link":"https:\/\/monserveur.sytes.net\/mardi\/index.php\/06-01-2026\/","title":{"rendered":"06-01-2026"},"content":{"rendered":"\n<p data-aos-anchor-placement=\"top-bottom\" data-aos-delay=\"400\" data-aos-duration=\"1500\" data-aos-easing=\"ease\" data-aos-offset=\"120\" data-aos=\"roll-in\" class=\"is-style-eccp-notice-info\">6 janvier 1558 : Les Fran\u00e7ais reprennent Calais<br>6 janvier 1930 : Staline met fin \u00e0 la NEP<br>6 janvier 2021 : Assaut du Capitole de Washington<\/p>\n\n\n\n<p><a href=\"https:\/\/monserveur.sytes.net\/mardi\/index.php\/2026\/01\/05\/ia-idees-de-cadeau\/\" data-type=\"post\" data-id=\"339\"><strong>IA id\u00e9es de cadeau<\/strong><\/a><br><a href=\"https:\/\/monserveur.sytes.net\/mardi\/index.php\/2026\/01\/02\/windows-10-apres-2025\/\" data-type=\"post\" data-id=\"331\"><strong>Windows 10 apr\u00e8s 2025<\/strong><\/a><\/p>\n\n\n\n<p><\/p>\n","protected":false},"excerpt":{"rendered":"<p>6 janvier 1558 : Les Fran\u00e7ais reprennent Calais6 janvier 1930 : Staline met fin \u00e0 la NEP6 janvier 2021 : Assaut du Capitole de Washington IA id\u00e9es de cadeauWindows 10 apr\u00e8s 2025<\/p>\n","protected":false},"author":1,"featured_media":0,"parent":0,"menu_order":0,"comment_status":"closed","ping_status":"closed","template":"","meta":{"remove_blocks_before_content":false,"remove_blocks_after_content":false,"disable_reading_progress_bar":false,"_eb_attr":"","footnotes":""},"class_list":["post-333","page","type-page","status-publish","hentry"],"_links":{"self":[{"href":"https:\/\/monserveur.sytes.net\/mardi\/index.php\/wp-json\/wp\/v2\/pages\/333","targetHints":{"allow":["GET"]}}],"collection":[{"href":"https:\/\/monserveur.sytes.net\/mardi\/index.php\/wp-json\/wp\/v2\/pages"}],"about":[{"href":"https:\/\/monserveur.sytes.net\/mardi\/index.php\/wp-json\/wp\/v2\/types\/page"}],"author":[{"embeddable":true,"href":"https:\/\/monserveur.sytes.net\/mardi\/index.php\/wp-json\/wp\/v2\/users\/1"}],"replies":[{"embeddable":true,"href":"https:\/\/monserveur.sytes.net\/mardi\/index.php\/wp-json\/wp\/v2\/comments?post=333"}],"version-history":[{"count":3,"href":"https:\/\/monserveur.sytes.net\/mardi\/index.php\/wp-json\/wp\/v2\/pages\/333\/revisions"}],"predecessor-version":[{"id":341,"href":"https:\/\/monserveur.sytes.net\/mardi\/index.php\/wp-json\/wp\/v2\/pages\/333\/revisions\/341"}],"wp:attachment":[{"href":"https:\/\/monserveur.sytes.net\/mardi\/index.php\/wp-json\/wp\/v2\/media?parent=333"}],"curies":[{"name":"wp","href":"https:\/\/api.w.org\/{rel}","templated":true}]}}