{"id":350,"date":"2026-01-21T17:04:18","date_gmt":"2026-01-21T16:04:18","guid":{"rendered":"https:\/\/monserveur.sytes.net\/mardi\/?page_id=350"},"modified":"2026-01-27T09:28:34","modified_gmt":"2026-01-27T08:28:34","slug":"27-01-2026","status":"publish","type":"page","link":"https:\/\/monserveur.sytes.net\/mardi\/index.php\/27-01-2026\/","title":{"rendered":"27-01-2026"},"content":{"rendered":"\n<p data-aos-anchor-placement=\"top-bottom\" data-aos-delay=\"400\" data-aos-duration=\"1500\" data-aos-easing=\"ease\" data-aos-offset=\"120\" data-aos=\"roll-in\" class=\"is-style-eccp-notice-info\">27 janvier 1556 : Couronnement du souverain moghol Akbar<br>27 janvier 1945 : Lib\u00e9ration du camp d&rsquo;Auschwitz-Birkenau<br>27 janvier 2011 : La loi Cop\u00e9-Zimmermann ouvre les conseils d&rsquo;administration aux femmes<\/p>\n\n\n\n<p><a href=\"https:\/\/monserveur.sytes.net\/mardi\/index.php\/2026\/01\/27\/donnees-personnelles\/\" data-type=\"post\" data-id=\"359\"><strong>Donn\u00e9es personnelles<\/strong><\/a><br><a href=\"https:\/\/monserveur.sytes.net\/mardi\/index.php\/2026\/01\/26\/pas-besoin-de-scanner\/\" data-type=\"post\" data-id=\"353\"><strong>Pas besoin de scanner<\/strong><\/a><\/p>\n\n\n\n<p>Cr\u00e9ation du compte d&rsquo;un mail poubelle dans Thunderbird<\/p>\n\n\n\n<p>Continuer le param\u00e9trage de Thunderbird<br>Cr\u00e9ation d&rsquo;un r\u00e9pertoire en local pour les archives dans Thunderbird et configuration de l&rsquo;archivage dans les param\u00e8tres du compte.<\/p>\n\n\n\n<p><\/p>\n","protected":false},"excerpt":{"rendered":"<p>27 janvier 1556 : Couronnement du souverain moghol Akbar27 janvier 1945 : Lib\u00e9ration du camp d&rsquo;Auschwitz-Birkenau27 janvier 2011 : La loi Cop\u00e9-Zimmermann ouvre les conseils d&rsquo;administration aux femmes Donn\u00e9es personnellesPas besoin de scanner Cr\u00e9ation du compte d&rsquo;un mail poubelle dans Thunderbird Continuer le param\u00e9trage de ThunderbirdCr\u00e9ation d&rsquo;un r\u00e9pertoire en local pour les archives dans Thunderbird[\u2026]<\/p>\n","protected":false},"author":1,"featured_media":0,"parent":0,"menu_order":0,"comment_status":"closed","ping_status":"closed","template":"","meta":{"remove_blocks_before_content":false,"remove_blocks_after_content":false,"disable_reading_progress_bar":false,"_eb_attr":"","footnotes":""},"class_list":["post-350","page","type-page","status-publish","hentry"],"_links":{"self":[{"href":"https:\/\/monserveur.sytes.net\/mardi\/index.php\/wp-json\/wp\/v2\/pages\/350","targetHints":{"allow":["GET"]}}],"collection":[{"href":"https:\/\/monserveur.sytes.net\/mardi\/index.php\/wp-json\/wp\/v2\/pages"}],"about":[{"href":"https:\/\/monserveur.sytes.net\/mardi\/index.php\/wp-json\/wp\/v2\/types\/page"}],"author":[{"embeddable":true,"href":"https:\/\/monserveur.sytes.net\/mardi\/index.php\/wp-json\/wp\/v2\/users\/1"}],"replies":[{"embeddable":true,"href":"https:\/\/monserveur.sytes.net\/mardi\/index.php\/wp-json\/wp\/v2\/comments?post=350"}],"version-history":[{"count":3,"href":"https:\/\/monserveur.sytes.net\/mardi\/index.php\/wp-json\/wp\/v2\/pages\/350\/revisions"}],"predecessor-version":[{"id":361,"href":"https:\/\/monserveur.sytes.net\/mardi\/index.php\/wp-json\/wp\/v2\/pages\/350\/revisions\/361"}],"wp:attachment":[{"href":"https:\/\/monserveur.sytes.net\/mardi\/index.php\/wp-json\/wp\/v2\/media?parent=350"}],"curies":[{"name":"wp","href":"https:\/\/api.w.org\/{rel}","templated":true}]}}