{"id":70,"date":"2025-09-11T17:56:35","date_gmt":"2025-09-11T15:56:35","guid":{"rendered":"https:\/\/monserveur.sytes.net\/mardi\/?page_id=70"},"modified":"2025-09-16T17:11:10","modified_gmt":"2025-09-16T15:11:10","slug":"propositions-de-cours-pour-2025-2026","status":"publish","type":"page","link":"https:\/\/monserveur.sytes.net\/mardi\/index.php\/propositions-de-cours-pour-2025-2026\/","title":{"rendered":"Propositions de cours pour 2025\/2026"},"content":{"rendered":"\n<ul class=\"wp-block-list\">\n<li><strong>Intelligence Artificielle <br><\/strong>Quand l&rsquo;utilis\u00e9e<br>Comment l&rsquo;utiliser<br>&#8230;<\/li>\n\n\n\n<li><strong>Les smartphones<br><\/strong>Sous forme de questions r\u00e9ponses suivant les probl\u00e8mes rencontr\u00e9s<\/li>\n\n\n\n<li><strong>Linux<br><\/strong>Une alternative \u00e0 Windows 10<\/li>\n\n\n\n<li><strong>Param\u00e9trages Windows 11<br><\/strong>Voir les param\u00e8tres les plus importants<\/li>\n<\/ul>\n\n\n\n<p><\/p>\n","protected":false},"excerpt":{"rendered":"","protected":false},"author":1,"featured_media":0,"parent":0,"menu_order":0,"comment_status":"open","ping_status":"closed","template":"","meta":{"remove_blocks_before_content":false,"remove_blocks_after_content":false,"disable_reading_progress_bar":false,"_eb_attr":"","footnotes":""},"class_list":["post-70","page","type-page","status-publish","hentry"],"_links":{"self":[{"href":"https:\/\/monserveur.sytes.net\/mardi\/index.php\/wp-json\/wp\/v2\/pages\/70","targetHints":{"allow":["GET"]}}],"collection":[{"href":"https:\/\/monserveur.sytes.net\/mardi\/index.php\/wp-json\/wp\/v2\/pages"}],"about":[{"href":"https:\/\/monserveur.sytes.net\/mardi\/index.php\/wp-json\/wp\/v2\/types\/page"}],"author":[{"embeddable":true,"href":"https:\/\/monserveur.sytes.net\/mardi\/index.php\/wp-json\/wp\/v2\/users\/1"}],"replies":[{"embeddable":true,"href":"https:\/\/monserveur.sytes.net\/mardi\/index.php\/wp-json\/wp\/v2\/comments?post=70"}],"version-history":[{"count":4,"href":"https:\/\/monserveur.sytes.net\/mardi\/index.php\/wp-json\/wp\/v2\/pages\/70\/revisions"}],"predecessor-version":[{"id":91,"href":"https:\/\/monserveur.sytes.net\/mardi\/index.php\/wp-json\/wp\/v2\/pages\/70\/revisions\/91"}],"wp:attachment":[{"href":"https:\/\/monserveur.sytes.net\/mardi\/index.php\/wp-json\/wp\/v2\/media?parent=70"}],"curies":[{"name":"wp","href":"https:\/\/api.w.org\/{rel}","templated":true}]}}